{"id":61,"date":"2023-10-04T13:32:34","date_gmt":"2023-10-04T11:32:34","guid":{"rendered":"http:\/\/caravanto.es\/?page_id=61"},"modified":"2023-10-31T11:15:27","modified_gmt":"2023-10-31T10:15:27","slug":"contacto","status":"publish","type":"page","link":"https:\/\/caravanto.es\/index.php\/contacto\/","title":{"rendered":"CONTACTO"},"content":{"rendered":"\n<hr class=\"wp-block-separator has-alpha-channel-opacity\"\/>\n\n\n<div class=\"is-default-size aligncenter wp-block-site-logo\"><a href=\"https:\/\/caravanto.es\/\" class=\"custom-logo-link\" rel=\"home\"><img loading=\"lazy\" decoding=\"async\" width=\"248\" height=\"168\" src=\"https:\/\/caravanto.es\/wp-content\/uploads\/2023\/10\/cropped-logo-1-80x54.png\" class=\"custom-logo\" alt=\"Caravanto\" srcset=\"https:\/\/caravanto.es\/wp-content\/uploads\/2023\/10\/cropped-logo-1.png 248w, https:\/\/caravanto.es\/wp-content\/uploads\/2023\/10\/cropped-logo-1-80x54.png 80w\" sizes=\"auto, (max-width: 248px) 100vw, 248px\" \/><\/a><\/div>\n\n<p style=\"text-align: center;\"><strong>Taller Especializado Integral en Autocaravanas, Caravanas y Campers<\/strong><br \/>Pol\u00edgono Juncaril, calle Almu\u00f1\u00e9car n\u00ba45R<br \/>18220 Albolote (Granada)<br \/><a href=\"mailto:info@caravanto.es\">info@caravanto.es<\/a><br \/>Tel\u00e9fono de contacto 672 846 486<\/p>\n\n\n<center><iframe src=\"https:\/\/www.google.com\/maps\/embed?pb=!1m14!1m8!1m3!1d12707.479054823736!2d-3.6454523!3d37.2270665!3m2!1i1024!2i768!4f13.1!3m3!1m2!1s0xd71fd38e9dbeb13%3A0x30d96a26fbf78128!2sCaravanto!5e0!3m2!1ses!2ses!4v1696422191405!5m2!1ses!2ses\" width=\"600\" height=\"450\" style=\"border:0;\" allowfullscreen=\"\" loading=\"lazy\" referrerpolicy=\"no-referrer-when-downgrade\"><\/iframe><\/center>\n","protected":false},"excerpt":{"rendered":"<p>Taller Especializado Integral en Autocaravanas, Caravanas y CampersPol\u00edgono Juncaril, calle Almu\u00f1\u00e9car n\u00ba45R18220 Albolote (Granada)info@caravanto.esTel\u00e9fono de contacto 672 846 486<\/p>\n","protected":false},"author":1,"featured_media":0,"parent":0,"menu_order":0,"comment_status":"closed","ping_status":"closed","template":"","meta":{"_uag_custom_page_level_css":"","site-sidebar-layout":"default","site-content-layout":"","ast-site-content-layout":"default","site-content-style":"default","site-sidebar-style":"default","ast-global-header-display":"","ast-banner-title-visibility":"","ast-main-header-display":"","ast-hfb-above-header-display":"","ast-hfb-below-header-display":"","ast-hfb-mobile-header-display":"","site-post-title":"","ast-breadcrumbs-content":"","ast-featured-img":"","footer-sml-layout":"","theme-transparent-header-meta":"","adv-header-id-meta":"","stick-header-meta":"","header-above-stick-meta":"","header-main-stick-meta":"","header-below-stick-meta":"","astra-migrate-meta-layouts":"set","ast-page-background-enabled":"default","ast-page-background-meta":{"desktop":{"background-color":"","background-image":"","background-repeat":"repeat","background-position":"center center","background-size":"auto","background-attachment":"scroll","background-type":"","background-media":"","overlay-type":"","overlay-color":"","overlay-gradient":""},"tablet":{"background-color":"","background-image":"","background-repeat":"repeat","background-position":"center center","background-size":"auto","background-attachment":"scroll","background-type":"","background-media":"","overlay-type":"","overlay-color":"","overlay-gradient":""},"mobile":{"background-color":"","background-image":"","background-repeat":"repeat","background-position":"center center","background-size":"auto","background-attachment":"scroll","background-type":"","background-media":"","overlay-type":"","overlay-color":"","overlay-gradient":""}},"ast-content-background-meta":{"desktop":{"background-color":"var(--ast-global-color-5)","background-image":"","background-repeat":"repeat","background-position":"center center","background-size":"auto","background-attachment":"scroll","background-type":"","background-media":"","overlay-type":"","overlay-color":"","overlay-gradient":""},"tablet":{"background-color":"var(--ast-global-color-5)","background-image":"","background-repeat":"repeat","background-position":"center center","background-size":"auto","background-attachment":"scroll","background-type":"","background-media":"","overlay-type":"","overlay-color":"","overlay-gradient":""},"mobile":{"background-color":"var(--ast-global-color-5)","background-image":"","background-repeat":"repeat","background-position":"center center","background-size":"auto","background-attachment":"scroll","background-type":"","background-media":"","overlay-type":"","overlay-color":"","overlay-gradient":""}},"footnotes":""},"class_list":["post-61","page","type-page","status-publish","hentry"],"yoast_head":"<!-- This site is optimized with the Yoast SEO plugin v21.3 - https:\/\/yoast.com\/wordpress\/plugins\/seo\/ -->\n<title>CONTACTO - Caravanto<\/title>\n<meta name=\"robots\" content=\"index, follow, max-snippet:-1, max-image-preview:large, max-video-preview:-1\" \/>\n<link rel=\"canonical\" href=\"https:\/\/caravanto.es\/index.php\/contacto\/\" \/>\n<meta property=\"og:locale\" content=\"es_ES\" \/>\n<meta property=\"og:type\" content=\"article\" \/>\n<meta property=\"og:title\" content=\"CONTACTO - Caravanto\" \/>\n<meta property=\"og:description\" content=\"Taller Especializado Integral en Autocaravanas, Caravanas y CampersPol\u00edgono Juncaril, calle Almu\u00f1\u00e9car n\u00ba45R18220 Albolote (Granada)info@caravanto.esTel\u00e9fono de contacto 672 846 486\" \/>\n<meta property=\"og:url\" content=\"https:\/\/caravanto.es\/index.php\/contacto\/\" \/>\n<meta property=\"og:site_name\" content=\"Caravanto\" \/>\n<meta property=\"article:modified_time\" content=\"2023-10-31T10:15:27+00:00\" \/>\n<meta name=\"twitter:card\" content=\"summary_large_image\" \/>\n<meta name=\"twitter:label1\" content=\"Tiempo de lectura\" \/>\n\t<meta name=\"twitter:data1\" content=\"1 minuto\" \/>\n<script type=\"application\/ld+json\" class=\"yoast-schema-graph\">{\"@context\":\"https:\/\/schema.org\",\"@graph\":[{\"@type\":\"WebPage\",\"@id\":\"https:\/\/caravanto.es\/index.php\/contacto\/\",\"url\":\"https:\/\/caravanto.es\/index.php\/contacto\/\",\"name\":\"CONTACTO - Caravanto\",\"isPartOf\":{\"@id\":\"https:\/\/caravanto.es\/#website\"},\"datePublished\":\"2023-10-04T11:32:34+00:00\",\"dateModified\":\"2023-10-31T10:15:27+00:00\",\"breadcrumb\":{\"@id\":\"https:\/\/caravanto.es\/index.php\/contacto\/#breadcrumb\"},\"inLanguage\":\"es\",\"potentialAction\":[{\"@type\":\"ReadAction\",\"target\":[\"https:\/\/caravanto.es\/index.php\/contacto\/\"]}]},{\"@type\":\"BreadcrumbList\",\"@id\":\"https:\/\/caravanto.es\/index.php\/contacto\/#breadcrumb\",\"itemListElement\":[{\"@type\":\"ListItem\",\"position\":1,\"name\":\"Portada\",\"item\":\"https:\/\/caravanto.es\/\"},{\"@type\":\"ListItem\",\"position\":2,\"name\":\"CONTACTO\"}]},{\"@type\":\"WebSite\",\"@id\":\"https:\/\/caravanto.es\/#website\",\"url\":\"https:\/\/caravanto.es\/\",\"name\":\"Caravanto\",\"description\":\"Taller especializado integral en autocaravanas y caravanas\",\"publisher\":{\"@id\":\"https:\/\/caravanto.es\/#organization\"},\"potentialAction\":[{\"@type\":\"SearchAction\",\"target\":{\"@type\":\"EntryPoint\",\"urlTemplate\":\"https:\/\/caravanto.es\/?s={search_term_string}\"},\"query-input\":\"required name=search_term_string\"}],\"inLanguage\":\"es\"},{\"@type\":\"Organization\",\"@id\":\"https:\/\/caravanto.es\/#organization\",\"name\":\"Caravanto\",\"url\":\"https:\/\/caravanto.es\/\",\"logo\":{\"@type\":\"ImageObject\",\"inLanguage\":\"es\",\"@id\":\"https:\/\/caravanto.es\/#\/schema\/logo\/image\/\",\"url\":\"https:\/\/caravanto.es\/wp-content\/uploads\/2023\/10\/cropped-logo-1.png\",\"contentUrl\":\"https:\/\/caravanto.es\/wp-content\/uploads\/2023\/10\/cropped-logo-1.png\",\"width\":248,\"height\":168,\"caption\":\"Caravanto\"},\"image\":{\"@id\":\"https:\/\/caravanto.es\/#\/schema\/logo\/image\/\"}}]}<\/script>\n<!-- \/ Yoast SEO plugin. -->","yoast_head_json":{"title":"CONTACTO - Caravanto","robots":{"index":"index","follow":"follow","max-snippet":"max-snippet:-1","max-image-preview":"max-image-preview:large","max-video-preview":"max-video-preview:-1"},"canonical":"https:\/\/caravanto.es\/index.php\/contacto\/","og_locale":"es_ES","og_type":"article","og_title":"CONTACTO - Caravanto","og_description":"Taller Especializado Integral en Autocaravanas, Caravanas y CampersPol\u00edgono Juncaril, calle Almu\u00f1\u00e9car n\u00ba45R18220 Albolote (Granada)info@caravanto.esTel\u00e9fono de contacto 672 846 486","og_url":"https:\/\/caravanto.es\/index.php\/contacto\/","og_site_name":"Caravanto","article_modified_time":"2023-10-31T10:15:27+00:00","twitter_card":"summary_large_image","twitter_misc":{"Tiempo de lectura":"1 minuto"},"schema":{"@context":"https:\/\/schema.org","@graph":[{"@type":"WebPage","@id":"https:\/\/caravanto.es\/index.php\/contacto\/","url":"https:\/\/caravanto.es\/index.php\/contacto\/","name":"CONTACTO - Caravanto","isPartOf":{"@id":"https:\/\/caravanto.es\/#website"},"datePublished":"2023-10-04T11:32:34+00:00","dateModified":"2023-10-31T10:15:27+00:00","breadcrumb":{"@id":"https:\/\/caravanto.es\/index.php\/contacto\/#breadcrumb"},"inLanguage":"es","potentialAction":[{"@type":"ReadAction","target":["https:\/\/caravanto.es\/index.php\/contacto\/"]}]},{"@type":"BreadcrumbList","@id":"https:\/\/caravanto.es\/index.php\/contacto\/#breadcrumb","itemListElement":[{"@type":"ListItem","position":1,"name":"Portada","item":"https:\/\/caravanto.es\/"},{"@type":"ListItem","position":2,"name":"CONTACTO"}]},{"@type":"WebSite","@id":"https:\/\/caravanto.es\/#website","url":"https:\/\/caravanto.es\/","name":"Caravanto","description":"Taller especializado integral en autocaravanas y caravanas","publisher":{"@id":"https:\/\/caravanto.es\/#organization"},"potentialAction":[{"@type":"SearchAction","target":{"@type":"EntryPoint","urlTemplate":"https:\/\/caravanto.es\/?s={search_term_string}"},"query-input":"required name=search_term_string"}],"inLanguage":"es"},{"@type":"Organization","@id":"https:\/\/caravanto.es\/#organization","name":"Caravanto","url":"https:\/\/caravanto.es\/","logo":{"@type":"ImageObject","inLanguage":"es","@id":"https:\/\/caravanto.es\/#\/schema\/logo\/image\/","url":"https:\/\/caravanto.es\/wp-content\/uploads\/2023\/10\/cropped-logo-1.png","contentUrl":"https:\/\/caravanto.es\/wp-content\/uploads\/2023\/10\/cropped-logo-1.png","width":248,"height":168,"caption":"Caravanto"},"image":{"@id":"https:\/\/caravanto.es\/#\/schema\/logo\/image\/"}}]}},"uagb_featured_image_src":{"full":false,"thumbnail":false,"medium":false,"medium_large":false,"large":false,"1536x1536":false,"2048x2048":false,"woocommerce_thumbnail":false,"woocommerce_single":false,"woocommerce_gallery_thumbnail":false},"uagb_author_info":{"display_name":"admin2777","author_link":"https:\/\/caravanto.es\/index.php\/author\/admin2777\/"},"uagb_comment_info":0,"uagb_excerpt":"Taller Especializado Integral en Autocaravanas, Caravanas y CampersPol\u00edgono Juncaril, calle Almu\u00f1\u00e9car n\u00ba45R18220 Albolote (Granada)info@caravanto.esTel\u00e9fono de contacto 672 846 486","_links":{"self":[{"href":"https:\/\/caravanto.es\/index.php\/wp-json\/wp\/v2\/pages\/61","targetHints":{"allow":["GET"]}}],"collection":[{"href":"https:\/\/caravanto.es\/index.php\/wp-json\/wp\/v2\/pages"}],"about":[{"href":"https:\/\/caravanto.es\/index.php\/wp-json\/wp\/v2\/types\/page"}],"author":[{"embeddable":true,"href":"https:\/\/caravanto.es\/index.php\/wp-json\/wp\/v2\/users\/1"}],"replies":[{"embeddable":true,"href":"https:\/\/caravanto.es\/index.php\/wp-json\/wp\/v2\/comments?post=61"}],"version-history":[{"count":13,"href":"https:\/\/caravanto.es\/index.php\/wp-json\/wp\/v2\/pages\/61\/revisions"}],"predecessor-version":[{"id":1690,"href":"https:\/\/caravanto.es\/index.php\/wp-json\/wp\/v2\/pages\/61\/revisions\/1690"}],"wp:attachment":[{"href":"https:\/\/caravanto.es\/index.php\/wp-json\/wp\/v2\/media?parent=61"}],"curies":[{"name":"wp","href":"https:\/\/api.w.org\/{rel}","templated":true}]}}